-3?
110332031013
In base 12, what is -48547 - 13?
-4855a
In base 13, what is 25 + 327875?
32789a
In base 8, what is 64 - 100702?
-100616
In base 3, what is -1200012212221 - -20?
-1200012212201
In base 3, what is 2 - 112210202000102?
-112210202000100
In base 6, what is 550013 - 115?
545454
In base 4, what is 1031102211 + 33?
1031102310
In base 7, what is -10336 + -2360?
-13026
In base 12, what is 428 + -1a2b8?
-19a90
In base 14, what is 165c - -431?
1a8d
In base 11, what is 420 - -122aa5?
123415
In base 10, what is -327825 - -3?
-327822
In base 7, what is 230142 + 6205?
236350
In base 8, what is 1643745 + -463?
1643262
In base 7, what is 160 + -3211211?
-3211021
In base 9, what is 0 - 34226587?
-34226587
In base 9, what is -72651 - -47?
-72603
In base 12, what is -5115927 - -3?
-5115924
In base 3, what is -120210021102101 - 122?
-120210021110000
In base 14, what is -4043bb + 5?
-4043b6
In base 4, what is 302023 - 32031331?
-31123302
In base 12, what is 35899b + 5?
3589a4
In base 12, what is 4609 + 893?
52a0
In base 13, what is -1630622c - -15?
-16306217
In base 9, what is 201206 + -784?
200312
In base 11, what is -4 + 1a34596?
1a34592
In base 6, what is -2 + 1431130010?
1431130004
In base 2, what is -10101 - 1111110100011?
-1111110111000
In base 4, what is 11 + 200321231232?
200321231303
In base 5, what is 14442303 + -11?
14442242
In base 4, what is -130 + -1001200221?
-1001201011
In base 11, what is -3 + 72aa871?
72aa869
In base 13, what is -2c89 + -60c?
-3598
In base 7, what is -103 + -52140200?
-52140303
In base 13, what is -5 - 2476686?
-247668b
In base 5, what is -112 + -3434203?
-3434320
In base 7, what is -4 + 631651526?
631651522
In base 3, what is -12 - -2020011220102021?
2020011220102002
In base 14, what is -926 + -2522?
-3048
In base 3, what is 1220 - -1002102111010?
1002102120000
In base 16, what is -a6d13 + 6?
-a6d0d
In base 6, what is 2 - 1511133423?
-1511133421
In base 10, what is -1203312 + 5?
-1203307
In base 11, what is -3a52 - 154?
-40a6
In base 15, what is 1e3bb5 - -d?
1e3bc3
In base 14, what is 2533 + -16181?
-13a4c
In base 9, what is -12775 + -62326?
-75212
In base 16, what is e6e5 - 213?
e4d2
In base 4, what is 13101002 + 31322?
13132330
In base 11, what is -123 + -240a1?
-24214
In base 13, what is -6 + -27847bc?
-27847c5
In base 11, what is 5 + 548266?
548270
In base 16, what is 4 + 1c65d5?
1c65d9
In base 10, what is -8167 - 1476?
-9643
In base 3, what is -10001120020022010 - -2?
-10001120020022001
In base 9, what is 5766170 + -5?
5766164
In base 6, what is -101 + 110341514?
110341413
In base 16, what is -4 - -49b919?
49b915
In base 10, what is -1934038 + -95?
-1934133
In base 10, what is 3 + -3305318?
-3305315
In base 2, what is -111 - 10000010001010101101?
-10000010001010110100
In base 4, what is -213012 + 1332231033?
1332012021
In base 7, what is -41 + 1612563?
1612522
In base 5, what is 111204211 + -21?
111204140
In base 15, what is -b + -106ac?
-106b8
In base 12, what is -451888a + 1?
-4518889
In base 5, what is 11431304 - 311?
11430443
In base 9, what is -2 + -16763060?
-16763062
In base 10, what is -318036 + -162?
-318198
In base 15, what is 293374d + -3?
293374a
In base 13, what is -b5bb - 75?
-b663
In base 7, what is -63020 + 61?
-62626
In base 4, what is -313312223 + 313?
-313311310
In base 3, what is 101211 + 10110112002?
10110220220
In base 6, what is -3 + -25143351311?
-25143351314
In base 12, what is 83 + -1551b?
-15458
In base 12, what is 4574a0 - a?
457492
In base 16, what is 34 - -c5ef?
c623
In base 6, what is 15 - 320251?
-320232
In base 7, what is -123146 + 2403?
-120443
In base 5, what is -2 - -3030313334?
3030313332
In base 5, what is 1 - -224123422?
224123423
In base 2, what is 1001111101010010 + 11001?
1001111101101011
In base 9, what is -3 + 3503560?
3503556
In base 6, what is 24413450341 - -4?
24413450345
In base 6, what is 4 - 421202125?
-421202121
In base 6, what is -1253313525 + -10?
-1253313535
In base 2, what is -11 + -101011010010000011000111101?
-101011010010000011001000000
In base 15, what is 18e1 - 2d1?
1610
In base 14, what is 948 - 1741c?
-168b4
In base 16, what is -4 + 9079f?
9079b
In base 4, what is 13 + 12013202211323?
12013202212002
In base 11, what is -a17220 - 35?
-a17255
In base 12, what is 2753 - -4903?
7456
In base 12, what is 153202 + 674?
153876
In base 9, what is -13723 + -15540?
-30363
In base 8, what is -2225104 + 155?
-2224727
In base 9, what is 538407177 - 0?
538407177
In base 10, what is -9 + 468697?
468688
In base 2, what is -1100111 - -11000100?
1011101
In base 10, what is -42 + -2708123?
-2708165
In base 2, what is 11011100001 + -11001010111?
10001010
In base 3, what is -10220020000002 - -220?
-10220012222012
In base 9, what is 114660 - 65?
114584
In base 16, what is 5cfb8 + -8?
5cfb0
In base 12, what is -73ab3852 + 7?
-73ab3847
In base 3, what is 2022101211101212 + -2?
2022101211101210
In base 9, what is 17 - 78418?
-78401
In base 12, what is -3 - ab34215?
-ab34218
In base 8, what is 520 - 303576?
-303056
In base 7, what is -4545 - -2545?
-2000
In base 8, what is 4750 + -264000?
-257030
In base 16, what is 4f87c - 19?
4f863
In base 8, what is -306166 + -7520?
-315706
In base 8, what is 12643335 - -35?
12643372
In base 4, what is -10132321302033 + -3?
-10132321302102
In base 7, what is -4 - 130332531?
-130332535
In base 14, what is -3d63 + 13c87?
dd24
In base 9, what is 1751282 - 187?
1751084
In base 12, what is 9 - -592a38?
592a45
In base 15, what is 6 + -1d95787?
-1d95781
In base 14, what is -a1 - 1944d?
-19510
In base 14, what is 30806 + b5b?
31563
In base 2, what is 100 - 101001000010111111110010?
-101001000010111111101110
In base 10, what is 31 + -3184878?
-3184847
In base 9, what is -4058300 - 12?
-4058312
In base 15, what is -5 + 3a60d7b?
3a60d76
In base 5, what is -2400 + 102414113?
102411213
In base 11, what is -69a34 - 1225?
-70159
In base 11, what is -3862 + -53761?
-57513
In base 10, what is 212345 - 4?
212341
In base 7, what is 21315 + -36264?
-14646
In base 6, what is -2151511200 + -5?
-2151511205
In base 7, what is -10 - -16243253?
16243243
In base 8, what is 17 + 10027020?
10027037
In base 9, what is -10170 + 171813?
161633
In base 14, what is 49b + -51872?
-513b5
In base 10, what is 120 - 601935?
-601815
In base 7, what is 50242503 + -463?
50242010
In base 4, what is 11331 - 31212130131?
-31212112200
In base 9, what is 23 + 524123?
524146
In base 2, what is -100110100001000 + 10001011111?
-100100010101001
In base 3, what is 22210101012110211 + 12?
22210101012111000
In base 10, what is -569 - -19873?
19304
In base 10, what is -121687178 - 5?
-121687183
In base 6, what is 10445153544 - -4?
10445153552
In base 7, what is -1003333 - 266?
-1003632
In base 2, what is -100011000110100001000100111 - -10?
-100011000110100001000100101
In base 3, what is 2012110001 + 20220?
2012200221
In base 6, what is 100130 - -1010324?
1110454
In base 4, what is -2 - 12320300121?
-12320300123
In base 13, what is 20c026b + 1?
20c026c
In base 12, what is -14a804 - 3a?
-14a842
In base 8, what is 12067 - -1417?
13506
In base 6, what is 542504103 + -14?
542504045
In base 4, what is -1312233022 + -20?
-1312233102
In base 6, what is 1450100 + 20100?
1510200
In base 12, what is 30a100 - 26?
30a096
In base 16, what is 97 - 49bbec?
-49bb55
In base 4, what is 1101101 - 1302?
1033133
In base 10, what is -1442398 - -4?
-1442394
In base 9, what is 3202232 - -17?
3202250
In base 13, what is -523c + -bc?
-532b
In base 4, what is -1101013 + 22111?
-1012302
In base 5, what is -10 + 340020210?
340020200
In base 10, what is 3276 - 203032?
-199756
In base 6, what is 2552 + 1010555?
1013551
In base 8, what is 10640 - -11700?
22540
In base 14, what is -1498 - 97?
-1551
In base 9, what is 8523414 - -11?
8523425
In base 3, what is 1101 + 1102210011000?
1102210012101
In base 4, what is 311103120001 - -11?
311103120012
In base 8, what is -45 + 104255?
104210
In base 4, what is 11033 - -23212111010?
23212122103
In base 9, what is 561 + 107618?
108280
In base 5, what is -1 - -424401323121?
424401323120
In base 10, what is -30 - 4332154?
-4332184
In base 8, what is -64352401 + 1?
-64352400
In base 15, what is -30db87 + -13?
-30db9a
In base 12, what is 90729 - -a4?
90811
In base 15, what is -9 + -20